der when 11253 is divided by 59.
43
Calculate the remainder when 275793 is divided by 227.
215
What is the remainder when 5909 is divided by 124?
81
What is the remainder when 274575 is divided by 90?
75
Calculate the remainder when 7068 is divided by 139.
118
What is the remainder when 698727 is divided by 614?
609
Calculate the remainder when 4625 is divided by 676.
569
Calculate the remainder when 24998 is divided by 13.
12
What is the remainder when 36297 is divided by 254?
229
Calculate the remainder when 4294 is divided by 239.
231
What is the remainder when 1435 is divided by 63?
49
Calculate the remainder when 114085 is divided by 41.
23
What is the remainder when 844 is divided by 17?
11
What is the remainder when 8163 is divided by 8146?
17
Calculate the remainder when 1716842 is divided by 13.
10
What is the remainder when 1035286 is divided by 244?
238
What is the remainder when 746 is divided by 245?
11
What is the remainder when 74032 is divided by 37?
32
What is the remainder when 1754 is divided by 130?
64
What is the remainder when 18879 is divided by 79?
77
Calculate the remainder when 53813 is divided by 427.
11
Calculate the remainder when 1664 is divided by 1526.
138
Calculate the remainder when 4118 is divided by 253.
70
What is the remainder when 11334 is divided by 189?
183
What is the remainder when 847885 is divided by 51?
10
Calculate the remainder when 12589 is divided by 293.
283
Calculate the remainder when 283832 is divided by 119.
17
Calculate the remainder when 3744 is divided by 301.
132
Calculate the remainder when 226 is divided by 20.
6
What is the remainder when 56318 is divided by 63?
59
What is the remainder when 630932 is divided by 42062?
2
What is the remainder when 678 is divided by 504?
174
What is the remainder when 7880 is divided by 136?
128
Calculate the remainder when 1194 is divided by 398.
0
Calculate the remainder when 183560 is divided by 1597.
1502
What is the remainder when 41648 is divided by 1225?
1223
Calculate the remainder when 15498 is divided by 815.
13
Calculate the remainder when 26132 is divided by 27.
23
What is the remainder when 8907 is divided by 1781?
2
What is the remainder when 3201 is divided by 13?
3
What is the remainder when 12179054 is divided by 15?
14
What is the remainder when 758 is divided by 47?
6
What is the remainder when 13785 is divided by 234?
213
What is the remainder when 164473 is divided by 66?
1
What is the remainder when 5504 is divided by 474?
290
What is the remainder when 19343 is divided by 2629?
940
What is the remainder when 125777 is divided by 199?
9
Calculate the remainder when 4921 is divided by 138.
91
What is the remainder when 580511 is divided by 292?
15
What is the remainder when 1294 is divided by 186?
178
Calculate the remainder when 29893 is divided by 2964.
253
What is the remainder when 921 is divided by 38?
9
What is the remainder when 7227 is divided by 9?
0
What is the remainder when 18537 is divided by 343?
15
Calculate the remainder when 7490 is divided by 56.
42
Calculate the remainder when 57302 is divided by 17.
12
Calculate the remainder when 9056 is divided by 198.
146
What is the remainder when 63862 is divided by 13?
6
What is the remainder when 213333 is divided by 8?
5
Calculate the remainder when 1775682 is divided by 133.
132
Calculate the remainder when 2156 is divided by 348.
68
Calculate the remainder when 405324 is divided by 113.
106
Calculate the remainder when 413293 is divided by 554.
9
Calculate the remainder when 3943 is divided by 43.
30
Calculate the remainder when 5194 is divided by 575.
19
Calculate the remainder when 253823 is divided by 28202.
5
Calculate the remainder when 2411 is divided by 449.
166
What is the remainder when 10441 is divided by 329?
242
Calculate the remainder when 50771 is divided by 25.
21
What is the remainder when 15781 is divided by 158?
139
What is the remainder when 2870103 is divided by 568?
567
What is the remainder when 21080 is divided by 956?
48
What is the remainder when 33386 is divided by 1517?
12
What is the remainder when 14981 is divided by 627?
560
What is the remainder when 49591 is divided by 4125?
91
What is the remainder when 4891 is divided by 1627?
10
What is the remainder when 12086 is divided by 71?
16
What is the remainder when 3117149 is divided by 1350?
1349
Calculate the remainder when 15377 is divided by 441.
383
What is the remainder when 12400 is divided by 6?
4
Calculate the remainder when 2444 is divided by 796.
56
What is the remainder when 38063 is divided by 8?
7
What is the remainder when 277593 is divided by 6?
3
What is the remainder when 104312 is divided by 4?
0
What is the remainder when 2797 is divided by 2665?
132
Calculate the remainder when 32568 is divided by 313.
16
What is the remainder when 16112 is divided by 252?
236
What is the remainder when 12354 is divided by 453?
123
What is the remainder when 17194 is divided by 172?
166
Calculate the remainder when 1974 is divided by 474.
78
What is the remainder when 4769 is divided by 4767?
2
What is the remainder when 79326 is divided by 67?
65
Calculate the remainder when 338222 is divided by 813.
14
What is the remainder when 1845557 is divided by 143?
142
Calculate the remainder when 90541 is divided by 111.
76
What is the remainder when 306739 is divided by 95?
79
What is the remainder when 7070 is divided by 2277?
239
Calculate the remainder when 121709 is divided by 1281.
14
Calculate the remainder when 38378 is divided by 2131.
20
Calculate the remainder when 13434 is divided by 6711.
12
What is the remainder when 3638 is divided by 135?
128
Calculate the remainder when 122309 is divided by 302.
301
What is the remainder when 3842 is divided by 19?
4
Calculate the remainder when 2428 is divided by 1616.
812
What is the remainder when 73493 is divided by 11?
2
What is the remainder when 60691 is divided by 86?
61
What is the remainder when 17228 is divided by 13?
3
What is the remainder when 11499 is divided by 831?
696
What is the remainder when 57064 is divided by 6?
4
What is the remainder when 11283 is divided by 26?
25
Calculate the remainder when 82956 is divided by 27649.
9
Calculate the remainder when 4203 is divided by 248.
235
What is the remainder when 4982322 is divided by 15?
12
Calculate the remainder when 11340 is divided by 2835.
0
Calculate the remainder when 320 is divided by 316.
4
What is the remainder when 20292 is divided by 2221?
303
What is the remainder when 28296 is divided by 175?
121
Calculate the remainder when 3583 is divided by 3574.
9
Calculate the remainder when 137593 is divided by 178.
177
What is the remainder when 8596 is divided by 2849?
49
Calculate the remainder when 5697 is divided by 949.
3
Calculate the remainder when 414 is divided by 194.
26
Calculate the remainder when 94996 is divided by 343.
328
What is the remainder when 6298 is divided by 296?
82
Calculate the remainder when 41909 is divided by 165.
164
What is the remainder when 3122 is divided by 67?
40
Calculate the remainder when 727505 is divided by 4.
1
What is the remainder when 57780 is divided by 1927?
1897
Calculate the remainder when 6830 is divided by 3.
2
Calculate the remainder when 21 is divided by 11.
10
What is the remainder when 4432 is divided by 1073?
140
Calculate the remainder when 722211 is divided by 282.
9
Calculate the remainder when 330 is divided by 69.
54
What is the remainder when 481741 is divided by 102?
97
Calculate the remainder when 41459 is divided by 34.
13
What is the remainder when 636509 is divided by 245?
244
What is the remainder when 63016 is divided by 4201?
1
What is the remainder when 457840 is divided by 17?
13
What is the remainder when 2801 is divided by 54?
47
Calculate the remainder when 1382 is divided by 81.
5
Calculate the remainder when 2375 is divided by 107.
21
Calculate the remainder when 76356 is divided by 25449.
9
Calculate the remainder when 60848 is divided by 30329.
190
What is the remainder when 397999 is divided by 43?
34
What is the remainder when 12732 is divided by 33?
27
Calculate the remainder when 16355 is divided by 54.
47
What is the remainder when 1547045 is divided by 110503?
3
Calculate the remain